 69960. Calculate the greatest common factor of 10 and v.
10
Let m = 38367 + -30121. Calculate the highest common factor of 798 and m.
266
Let k = -28 - -28. Suppose k = 7*b + 98 + 63. Let a = 27 + b. Calculate the highest common factor of a and 28.
4
Let f(o) = 3627*o - 1689. Let z be f(1). Calculate the greatest common factor of 816 and z.
102
Let w be 17 - ((-4 - -1) + 3). Let t = 45542 + -45539. What is the greatest common factor of t and w?
1
Let i(v) = 209*v**2 - v + 1. Let l = 187 + -186. Let c be i(l). Let r(y) = 7*y - 3. Let z be r(2). Calculate the greatest common divisor of c and z.
11
Suppose 5*m - 11 = -41. Let b(a) = -2*a**2 - 11*a - 7. Let u be b(m). Let y be 12 + u + 16/2. What is the greatest common factor of y and 77?
7
Suppose -2*m = 16 - 92. Suppose 2*x + 21 = 5*k - 30, x = -4*k - 32. Let w = m - x. Calculate the highest common factor of w and 165.
33
Let n = 305 + 1541. Calculate the greatest common factor of 65 and n.
13
Suppose 3*j + 27841 = 28078. Calculate the highest common divisor of j and 17143.
79
Let q = 27412 + -27407. Calculate the greatest common factor of q and 8065.
5
Suppose 0 = 560*m - 504*m - 136640. What is the highest common factor of m and 80?
40
Suppose -12 = -3*c, 2*c = -3*v - 2*v + 18. Calculate the highest common divisor of v and 44.
2
Let f(j) = 2*j**3 + 3*j**2 - 12*j + 1. Let b be f(-3). Suppose a + 69 = u, 5*u - 3*a - 347 = -0*u. Calculate the greatest common factor of b and u.
10
Suppose -5280 = -4*h - 56*h. Let f be h/10*(-30)/(-12). What is the highest common factor of 682 and f?
22
Let l(w) = -49*w - 7. Suppose 0 = o - 0*o + 3. Let u be l(o). Suppose 45*q - z + 18 = 46*q, 2*z + 64 = 3*q. What is the greatest common factor of u and q?
20
Let k be (9/(-4))/((-2)/272). Let o(y) = 5*y - 132. Let f be o(36). Let z be 2 + (-4)/(-6)*f. Calculate the greatest common factor of z and k.
34
Suppose 2*b - 5*n - 58 = 0, 2*b - 3 = b - 4*n. Suppose -4*t + 27 = 5*q, -5*t = -4*q - 66 - b. Calculate the greatest common factor of 2 and t.
1
Suppose 4*w = 20, -o + 19 = 2*o - w. Let y(h) = -h**2 - 13*h - 4. Let l be y(-11). Suppose -l*c + 25*c = 56. Calculate the greatest common factor of c and o.
8
Suppose 77*r + 7260 = 107*r. What is the highest common divisor of 319 and r?
11
Let b = 309 + -306. Let z be (-3)/(-3) - (-982)/1. Suppose z = 4*q + 5*j, b*q - 781 = -0*j + 5*j. Calculate the highest common factor of q and 28.
28
Suppose 0 = 4*m + 249 - 49. Let c = 55 + m. Suppose k = v + 3 + c, k - 20 = 4*v. Calculate the greatest common factor of 4 and k.
4
Let u be (6 + -5)*(4 + 1). Suppose 334 - 44 = 5*x + 4*r, -u*r + 133 = 2*x. Calculate the greatest common divisor of x and 2.
2
Suppose 3*m + 4*p + 435 = 0, -3*m + 462 = -6*m + 5*p. Let k = m - -214. What is the highest common factor of 91 and k?
13
Let j(g) = -g**3 + 28*g**2 + 12*g - 6. Let z be j(12). What is the highest common factor of z and 264?
66
Let f = 372 - 372. Suppose 4*v + 2*n - 35 - 11 = f, -11 = v + 5*n. What is the greatest common divisor of 182 and v?
14
Suppose 0*a = 3*a. Suppose a*b = -5*b - 2*o + 850, 4*b = 5*o + 647. Let c = 802 + -778. Calculate the highest common factor of b and c.
24
Let h be 1/3*(379 + -55). What is the greatest common divisor of h and 138?
6
Suppose 5*p + 5*n - 2445 = 0, -p + n + 167 = -324. Calculate the greatest common factor of p and 10.
10
Suppose -152*s + 40 = -150*s. Let r be 14/28 - 18/(-4). What is the greatest common divisor of r and s?
5
Suppose 0*j + 2 = j. Let m(k) be the third derivative of -k**4/6 - 2*k**3 + 23*k**2. Let i be m(-5). What is the highest common divisor of i and j?
2
Let o(b) = 3*b**2 - 55*b + 24. Let s be o(18). Suppose 8*p = 2694 - s. Calculate the greatest common divisor of 96 and p.
48
Let z = -5174 + 5704. Calculate the greatest common divisor of z and 80.
10
Suppose -1077 + 1189 = 16*t. Let i(a) = -2*a**2 + 4*a + 1. Let l be i(3). Let b = l - -33. What is the greatest common factor of b and t?
7
Let s be ((-12)/(-9))/((-3)/(-9)). Suppose -s = -2*q + 6. Suppose 3*f - 485 - 31 = -q*l, -3*l - 3*f = -306. What is the greatest common factor of l and 42?
21
Let p(w) = -5*w + 49. Let f = 5 - 14. Let d be p(f). Suppose -7*g + 193 = -d. Calculate the highest common divisor of g and 41.
41
Let o = 18608 - 6739. Suppose o = 16*t - 5091. Calculate the highest common divisor of 20 and t.
20
Let j(d) = -12*d + 74. Let v be j(19). Let w = v + 175. Calculate the highest common factor of 6 and w.
3
Suppose 0 = -5*n + 2*g + 48 + 97, 3*g + 29 = n. Suppose r - 11 = -21*l + 24*l, 0 = -4*l + 24. Calculate the greatest common factor of n and r.
29
Let h(l) = 10*l**2 - 397*l - 28. Let j be h(40). Calculate the highest common divisor of 92 and j.
92
Suppose 1321 = -0*i - 16*i + 15481. Calculate the greatest common divisor of 708 and i.
177
Let x(g) = -g**2 + 12*g + 8. Let r be x(10). Suppose -3*h + 2*u = -556, 11*h + u = -11*h + 3999. What is the greatest common factor of r and h?
14
Suppose 0 = -5*y + 4*v + 1636, -752 = -2*y - v - 108. Let b = -52 + 88. Calculate the greatest common factor of y and b.
36
Let s(p) = p**2 + 21*p - 18. Let f be s(-22). Let r be (35/10 - f)*28. Let i be (0 + r/5)*-10. What is the highest common divisor of 14 and i?
14
Let k(d) = 7*d + 71. Let r be k(-10). Let o be (0 - -3) + (-2 - -3)*r. Suppose -7*z = -3*z - 256. Calculate the highest common factor of o and z.
4
Suppose -5874 = -1230*h + 2271 - 765. Let i(t) = -4 - t + 3 + 4. Let v be i(-6). Calculate the greatest common factor of v and h.
3
Let g(u) = 11*u - 38. Let z be g(6). Let n(w) = 2*w - 12. Let m be n(z). Suppose -m - 26 = -5*q. What is the greatest common factor of q and 28?
14
Suppose 18 = -13*r + 19*r. Suppose 0 = r*m + 6, -m = -j + m + 46. Suppose -2*p - 52 = -3*p + 5*n, 3*n = p - j. What is the highest common factor of 3 and p?
3
Suppose -104*l + 49*l - 67*l + 37210 = 0. What is the greatest common factor of l and 20?
5
Suppose 4786*o - 18648 = 4782*o. What is the greatest common divisor of o and 9?
9
Let x be (-67)/(-5494) - 2951/(-82). Let j(u) = 20*u**2 + 4. Let r be j(-5). Suppose -r = -p - 3*p. What is the greatest common factor of x and p?
18
Let k(y) = -y**2 + 16*y - 15. Let c be k(15). Suppose c = -14*j + 6*j + 2232. What is the greatest common factor of j and 31?
31
Let l(k) be the second derivative of k**5/20 + k**3/6 - 5*k**2/2 + k + 2. Let z be l(3). What is the highest common factor of z and 40?
5
Suppose 5086*k = 5071*k + 900. What is the greatest common divisor of 228 and k?
12
Suppose 57*k - 3540 = 21*k + 16*k. Calculate the highest common divisor of 57 and k.
3
Let r be (6/(-8))/((-31)/248). Let z = -787 + 937. Calculate the greatest common factor of r and z.
6
Let w = 5044 - 5017. What is the highest common factor of w and 27?
27
Suppose -4*l - 29 - 63 = -4*n, 5*l - 5 = -n. Calculate the greatest common factor of n and 340.
20
Let c be (-28690)/(-152) - 8/(-32). Let g be ((-63)/4)/(3/(-32)). What is the highest common divisor of c and g?
21
Suppose -5*n + 1326 = 2*m - 978, 0 = -5*m - 5*n + 5760. What is the greatest common factor of 480 and m?
96
Let a = 137 + 182. Let i be (12/(-5))/((-201)/9715). Suppose 20*c - 24*c = -i. Calculate the greatest common factor of c and a.
29
Let i(c) = -c**3 - 26*c**2 - 48*c + 20. Let u be i(-24). Suppose -u*g - 80 = -25*g. Let d = -52 + 76. What is the greatest common divisor of g and d?
8
Let a = -2950 - -3071. Calculate the greatest common divisor of a and 99.
11
Let i = -74 - -242. Suppose -j = 169 - 154. Let o be 96/(-10)*3*j/18. What is the highest common divisor of i and o?
24
Let n = 20197 + -14364. What is the greatest common factor of 152 and n?
19
Suppose 792 = -588*w + 592*w + 5*q, 4*q + 864 = 4*w. Calculate the highest common factor of 128 and w.
16
Suppose 3*v - 8*v + 65 = 0. Let t be (v/1)/(-1 - -2). Let c be (7 - t)/(((-9)/15)/3). Calculate the highest common divisor of c and 45.
15
Let k be ((-3)/((-54)/210))/(-7 + 262/36). What is the highest common divisor of 7686 and k?
42
Let m = 14 + -216. Let a = m + 278. Calculate the highest common factor of 95 and a.
19
Let l be (-112)/70*(-10)/4. Suppose l*k + 5*t - 2855 = 0, 2*k - 5*k + 4*t + 2149 = 0. What is the greatest common divisor of 65 and k?
65
Suppose -6*t = -5*u + 16922, -2*u - 4323 = -t - 